d(n) = -39*n**3 + 466*n**2 + 37*n - 153. Determine d(12).
3
Let c(i) = 276*i + 8867. What is c(-32)?
35
Let v(c) = 2*c**2 + 42*c - 2741. Determine v(-49).
3
Let w(k) = -61*k - 2338. What is w(-38)?
-20
Let z(j) = j**2 + j - 16. Determine z(-3).
-10
Let k(f) = 48*f**2 - 5376*f + 8. Determine k(112).
8
Let i(d) = -570*d**2 + 2861*d - 12. Calculate i(5).
43
Let y(i) = -50*i - 27. What is y(-2)?
73
Let l(n) = n**2 - 69*n + 896. Give l(17).
12
Let h(b) = 169*b + 57978. Give h(-343).
11
Let x(b) = -b**3 + 11*b**2 - 39*b + 116. Give x(8).
-4
Let d(k) = -k**3 - 13*k**2 - 40*k. Determine d(-8).
0
Let q(m) = -9*m**2 + 365*m + 162. Calculate q(41).
-2
Let z(w) = -574*w - 5922. Determine z(-11).
392
Let h(t) = -t**2 + 64*t - 432. Give h(6).
-84
Let q(t) = 13*t - 300. Determine q(41).
233
Let a(c) = -987*c - 51322. Determine a(-52).
2
Let g(y) = y**3 - 9*y**2 - 4*y + 7. Give g(-4).
-185
Let m(p) = -p**3 - 43*p**2 - 73*p + 371. Determine m(-41).
2
Let g(p) = 102*p**2 + 612*p + 7. Give g(-6).
7
Let w(g) = g**3 + 21*g**2 - 141*g + 55. Determine w(5).
0
Let f(v) = v**3 - 5*v**2 - 12*v + 6. Calculate f(7).
20
Let i(y) = 43*y**2 - 210*y - 10. Calculate i(5).
15
Let h(d) = -27*d - 2306. Determine h(-84).
-38
Let k(x) = -2*x**3 - 24*x**2 + 24*x + 66. Calculate k(-13).
92
Let r(d) = 28*d**2 - 154*d + 42. Determine r(5).
-28
Let c(r) = 11*r**2 + 46*r + 14. What is c(-4)?
6
Let f(d) = 3*d**3 + 23*d**2 - 15*d - 17. What is f(-9)?
-206
Let m(y) = -y**3 + 8*y**2 - 19*y + 11. Calculate m(4).
-1
Let l(r) = -r**2 + 117*r - 1308. Calculate l(105).
-48
Let y(l) = -l**3 - 41*l**2 - 393*l - 48. Determine y(-27).
357
Let f(y) = y**3 - 16*y**2 + 17*y + 288. What is f(13)?
2
Let t(f) = -2572*f + 12850. Calculate t(5).
-10
Let r(m) = m**3 - 14*m**2 + 9*m + 41. Calculate r(13).
-11
Let z(r) = -62*r**3 + 10*r**2 + 5*r - 3. Determine z(-2).
523
Let a(z) = -2*z**2 - 6*z - 22. What is a(-3)?
-22
Let v(m) = 56*m**3 - 60*m - 60. What is v(-1)?
-56
Let w(y) = -y**2 - 61*y - 462. Give w(-52).
6
Let m(y) = 11*y**2 - 261*y + 183. What is m(23)?
-1
Let f(h) = -7*h**3 - 4*h**2 + 2*h + 7. Calculate f(-3).
154
Let a(q) = 94*q**2 + 750*q - 19. Determine a(-8).
-3
Let t(h) = h**2 + 54*h - 19722. Give t(-170).
-2
Let r(d) = -d**3 + 5*d**2 + 13*d + 15. Give r(7).
8
Let d(l) = -42*l - 2445. What is d(-59)?
33
Let m(q) = -q**2 + 40*q - 407. What is m(12)?
-71
Let k(l) = -32*l - 794. Give k(-25).
6
Let m(p) = 2*p**2 - 69*p - 998. Give m(-11).
3
Let u(a) = 43*a - 8298. What is u(196)?
130
Let s(r) = 18*r**2 - 8*r + 31. Give s(3).
169
Let b(a) = 119*a - 2876. Calculate b(24).
-20
Let i(v) = -v**3 - 207*v**2 + 2*v + 400. What is i(-207)?
-14
Let y(a) = 4*a**2 + 20*a - 43. Give y(-5).
-43
Let q(c) = c**2 - 21*c - 19. Calculate q(10).
-129
Let y(o) = -571*o + 41119. What is y(72)?
7
Let x(v) = 18*v + 202. Give x(-6).
94
Let s(l) = 1447*l + 4335. Determine s(-3).
-6
Let y(w) = 2*w**2 - 99*w - 1898. Give y(65).
117
Let c(b) = b**3 - 48*b**2 + 9*b - 430. Determine c(48).
2
Let n(q) = -165*q + 3295. Determine n(20).
-5
Let t(z) = z**3 - 31*z**2 - 76*z + 349. Calculate t(33).
19
Let i(j) = -2138*j + 70557. What is i(33)?
3
Let d(p) = -p**3 - 74*p**2 + 141*p + 4948. Calculate d(-75).
-2
Let t(i) = -25*i**3 + 3*i**2 - 12*i + 19. Calculate t(2).
-193
Let q(o) = o**3 - 12*o**2 - 41*o - 368. Calculate q(16).
0
Let c(r) = 4*r - 79. Determine c(17).
-11
Let h(z) = -z**3 + 40*z**2 - 37*z - 33. Calculate h(39).
45
Let w(c) = -47*c + 702. Calculate w(14).
44
Let y(o) = -2*o**3 + 37*o**2 + 112*o - 132. Give y(21).
15
Let u(x) = x**3 + 5*x**2 - 26*x + 7. Determine u(0).
7
Let q(d) = -283*d - 5666. Give q(-20).
-6
Let v(h) = -h**3 + 2*h**2 + h + 11. Determine v(-4).
103
Let r(d) = d - 67. Determine r(27).
-40
Let w(q) = -8*q - 651. Calculate w(-40).
-331
Let k(a) = 602*a - 8427. Give k(14).
1
Let r(o) = o**2 + 11*o - 223. Determine r(-18).
-97
Let q(w) = 4*w**3 + 6*w**2 - 38*w + 23. Give q(6).
875
Let t(k) = -k**3 + 2*k**2 - 26*k + 171. Determine t(5).
-34
Let l(o) = 59*o**3 - 14*o**2 + 10*o + 4. Calculate l(1).
59
Let n(i) = i**2 + 28*i - 318. Give n(-34).
-114
Let o(v) = 23*v**3 + 3*v**2 + 2*v - 17. Calculate o(2).
183
Let n(z) = z**3 + 6*z**2 - 29*z - 112. What is n(-4)?
36
Let n(f) = -f**3 + 17*f**2 + 4*f + 645. Calculate n(19).
-1
Let j(r) = r**2 - 7*r - 35. Calculate j(9).
-17
Let p(t) = -703*t - 16170. Calculate p(-23).
-1
Let n(i) = -55*i + 148. Give n(7).
-237
Let s(f) = -11*f - 39. What is s(-3)?
-6
Let t(j) = 23*j + 37. Give t(6).
175
Let o(i) = -i**3 + 16*i**2 + 16*i + 20. Give o(17).
3
Let a(u) = 8*u**3 + 2*u**2 + 10*u + 17. Calculate a(-2).
-59
Let h(c) = -35*c + 84. Calculate h(7).
-161
Let s(b) = -390*b + 28492. What is s(73)?
22
Let x(u) = -14*u + 997. Calculate x(58).
185
Let b(v) = v**3 - 19*v**2 + 232*v - 1157. What is b(8)?
-5
Let w(f) = -14*f - 18. Determine w(-6).
66
Let g(f) = -f**2 + 136*f - 3767. Calculate g(97).
16
Let j(k) = k - 36. What is j(26)?
-10
Let x(i) = 17*i**2 + 76*i - 45. Calculate x(-5).
0
Let s(t) = -25*t + 440. Determine s(19).
-35
Let k(x) = 179*x - 1505. Calculate k(8).
-73
Let r(x) = -422*x + 8446. Calculate r(20).
6
Let p(u) = -u**2 - 35*u + 78. Give p(-37).
4
Let v(q) = q**2 + 80*q - 402. Determine v(5).
23
Let a(l) = 5*l**3 + 175*l**2 + l + 61. Determine a(-35).
26
Let d(l) = -1412*l + 50830. Give d(36).
-2
Let h(l) = 6*l**2 + 25*l + 9. Determine h(-6).
75
Let p(j) = 14*j + 379. Give p(-28).
-13
Let v(z) = -32*z - 590. Calculate v(-18).
-14
Let p(y) = y**2 - 10*y - 726. What is p(33)?
33
Let n(v) = 37*v - 496. Give n(13).
-15
Let a(f) = -31*f + 137. Calculate a(13).
-266
Let b(k) = k**2 + 60*k + 366. Calculate b(-7).
-5
Let d(y) = -78*y + 332. Determine d(-4).
644
Let b(v) = v**3 + 42*v**2 + 206*v + 9. Calculate b(-6).
69
Let z(x) = -3*x**2 - 54*x + 31. Give z(-22).
-233
Let g(z) = 11*z**3 + 5*z**2 - 8*z - 8. Calculate g(2).
84
Let t(j) = 38119*j + 38119. Calculate t(-1).
0
Let c(x) = 6*x**2 - 63*x + 238. Calculate c(4).
82
Let l(m) = 65*m + 3571. What is l(-55)?
-4
Let f(r) = -133*r + 11298. Determine f(85).
-7
Let h(c) = c**3 - 34*c**2 + 157*c - 64. Calculate h(29).
284
Let h(r) = -7*r - 436. Give h(-54).
-58
Let j(c) = -4*c**2 + 122*c - 40. Give j(31).
-102
Let t(z) = 53*z + 263. Calculate t(-5).
-2
Let z(t) = 18*t**2 + 501*t - 77. Give z(-28).
7
Let w(d) = -28330*d + 84996. Determine w(3).
6
Let y(l) = 8*l + 21. Calculate y(17).
157
Let f(n) = n**3 - 160*n**2 - 168*n + 1123. Give f(161).
-4
Let y(a) = -4*a**2 + 111*a - 89. What is y(27)?
-8
Let m(g) = 172*g - 8136. Determine m(47).
-52
Let y(a) = 876*a + 6136. Determine y(-7).
4
Let l(y) = -2*y**3 - 14*y**2 + 39*y - 120. Give l(4).
-316
Let z(r) = -47*r**2 - 48*r. Calculate z(-1).
1
Let i(b) = -b**3 - 8*b**2 + 8*b - 80. Determine i(-10).
40
Let i(h) = 32*h - 34. What is i(6)?
158
Let m(y) = 8*y**2 - 246*y - 62. What is m(31)?
0
Let a(s) = 35*s - 259. Calculate a(8).
21
Let u(n) = -n**3 + 9*n**2 + 62*n + 86. What is u(-3)?
8
Let x(z) = -3385*z - 44022. Give x(-13).
-17
Let y(v) = -9*v**2 - 229*v + 3424. Give y(-36).
4
Let b(h) = -h**2 + 50*h + 763. Calculate b(-15).
-212
Let o(t) = -5*t**2 - 128*t - 8. Determine o(-26).
-60
Let v(b) = -8*b**2 + 915*b + 9539. Calculate v(124).
-9
Let a(w) = -w**2 - 76*w + 4929. Determine a(39).
444
Let d(g) = -g**3 + 106*g**2 + 2097*g - 735. Calculate d(123).
3
Let s(i) = -680*i + 714. Determine s(1).
34
Let m(l) = 261*l + 320. Determine m(-1).
59
Let h(v) = -295*v - 1745. Determine h(-6).
25
Let p(u) = 5*u**2 - 107*u + 433. Give p(16).
1
Let d(f) = -395*f + 631. Calculate d(1).
236
Let s(v) = v**2 - 87*v - 1528. What is s(-17)?
240
Let z(l) = l**3 - 15*l**2 + 8*l - 96. What is z(15)?
24
Let c(w) = -3*w**2 + 21*w - 46. Give c(5).
-16
Let i(f) = 6*f**2 - 101*f + 303. Give i(3).
54
Let t(o) = 28*o + 272. Calculate t(-16).
-176
Let p(q) = q**3 - 6*q**2 - 7*q + 6. Determine p(-3).
-54
Let t(p) = -39*p + 58. What is t(22)?
-800
Let w(p) = 3*p**2 - 164*p - 911. What is w(-5)?
-16
Let l(v) = v**2 + 19*v + 92. Give l(-15).
32
Let o(b) = -417*b - 141794. Give o(-340).
-14
Let o(m) = -92*m + 3581. Give o(39).
-7
Let k(y) = y**2 - 669*y + 21595. Give k(34).
5
Let b(k) = -6*k**3 + 8*k**2 + 37*k. Determine b(-3).
123
Let u(m) = m**3 - 90*m**2 - 94*m + 44. Determine u(91).
-229
Let u(w) = 2*w**3 + 80*